{"id":213,"date":"2022-06-08T13:11:23","date_gmt":"2022-06-08T13:11:23","guid":{"rendered":"https:\/\/www.youngreenhub.eu\/?page_id=213"},"modified":"2022-09-16T10:23:20","modified_gmt":"2022-09-16T10:23:20","slug":"features","status":"publish","type":"page","link":"https:\/\/www.youngreenhub.eu\/hu\/features\/","title":{"rendered":"Funkci\u00f3k \u00e9s tartalom"},"content":{"rendered":"<div data-elementor-type=\"wp-page\" data-elementor-id=\"213\" class=\"elementor elementor-213\" data-elementor-post-type=\"page\">\n\t\t\t\t\t\t<section class=\"elementor-section elementor-top-section elementor-element elementor-element-419a6d27 elementor-section-boxed elementor-section-height-default elementor-section-height-default\" data-id=\"419a6d27\" data-element_type=\"section\" data-e-type=\"section\" data-settings=\"{&quot;background_background&quot;:&quot;classic&quot;}\">\n\t\t\t\t\t\t<div class=\"elementor-container elementor-column-gap-default\">\n\t\t\t\t\t<div class=\"elementor-column elementor-col-50 elementor-top-column elementor-element elementor-element-60227262\" data-id=\"60227262\" data-element_type=\"column\" data-e-type=\"column\">\n\t\t\t<div class=\"elementor-widget-wrap elementor-element-populated\">\n\t\t\t\t\t\t<div class=\"elementor-element elementor-element-2e92bfa3 elementor-widget elementor-widget-text-editor\" data-id=\"2e92bfa3\" data-element_type=\"widget\" data-e-type=\"widget\" data-widget_type=\"text-editor.default\">\n\t\t\t\t<div class=\"elementor-widget-container\">\n\t\t\t\t\t<div class=\"bb-theme-elementor-wrap bb-elementor-custom-color bb-elementor-custom-family bb-elementor-custom-size bb-elementor-custom-line-height\">\t\t\t\t<p>A \"Young GREENtrepreneurs - innovat\u00edv megk\u00f6zel\u00edt\u00e9sek a fiatalok z\u00f6ld v\u00e1llalkoz\u00f3v\u00e1 v\u00e1l\u00e1s\u00e1nak el\u0151mozd\u00edt\u00e1s\u00e1ra\" c\u00edm\u0171 Erasmus+ projekt (2021-1-HU01-KA220-YOU-000029114) c\u00e9lja, hogy a fiatalok k\u00f6r\u00e9ben n\u00f6velje a v\u00e1llalkoz\u00f3i motiv\u00e1ci\u00f3t \u00e9s egyidej\u0171leg v\u00e1laszt adjon a z\u00f6ld kih\u00edv\u00e1sokra.<\/p>\t\t\t\t<\/div>\t\t\t\t<\/div>\n\t\t\t\t<\/div>\n\t\t\t\t<div class=\"elementor-element elementor-element-4dd23a4 elementor-widget elementor-widget-heading\" data-id=\"4dd23a4\" data-element_type=\"widget\" data-e-type=\"widget\" data-widget_type=\"heading.default\">\n\t\t\t\t<div class=\"elementor-widget-container\">\n\t\t\t\t\t<h2 class=\"elementor-heading-title elementor-size-default\">A projekt c\u00e9ljai:<\/h2>\t\t\t\t<\/div>\n\t\t\t\t<\/div>\n\t\t\t\t<div class=\"elementor-element elementor-element-e78318b elementor-widget elementor-widget-text-editor\" data-id=\"e78318b\" data-element_type=\"widget\" data-e-type=\"widget\" data-widget_type=\"text-editor.default\">\n\t\t\t\t<div class=\"elementor-widget-container\">\n\t\t\t\t\t<div class=\"bb-theme-elementor-wrap bb-elementor-custom-color\">\t\t\t\t<ul><li>A fiatalok, ifj\u00fas\u00e1gseg\u00edt\u0151k \u00e9s startup k\u00f6z\u00f6ss\u00e9gek innovat\u00edv \u00e9s digit\u00e1lis eszk\u00f6z\u00f6kkel val\u00f3 t\u00e1mogat\u00e1sa, melyek k\u00e9pess\u00e9 teszik \u0151ket a saj\u00e1t z\u00f6ld v\u00e1llalkoz\u00e1suk fejleszt\u00e9s\u00e9re ir\u00e1nyul\u00f3 \u00faj k\u00e9szs\u00e9gek \u00e9s kompetenci\u00e1k megszerz\u00e9s\u00e9re. (Z\u00f6ld v\u00e1llalkoz\u00f3i t\u00e9m\u00e1k lehetnek: eg\u00e9szs\u00e9ges t\u00e1rsadalom, v\u00edzv\u00e9delem, tiszta energia, fenntarthat\u00f3 k\u00f6z\u00f6ss\u00e9gek, felel\u0151s fogyaszt\u00e1s\/termel\u00e9s, \u00e9ghajlatv\u00e1ltoz\u00e1s m\u00e9rs\u00e9kl\u00e9se, a term\u00e9szetes \u00f6kosziszt\u00e9m\u00e1k v\u00e9delme, az er\u0151forr\u00e1sok fenntarthat\u00f3 haszn\u00e1lata).<\/li><li>Z\u00f6ld term\u00e9kek fejleszt\u00e9s\u00e9re ir\u00e1nyul\u00f3 k\u00e9pz\u00e9si modulok kidolgoz\u00e1sa, melyek arra ir\u00e1nyulnak, hogy a fiatalok \u00faj k\u00e9szs\u00e9geket szerezzenek, \u00e9s \u00faj, a gyakorlatban is hasznos\u00edthat\u00f3 tud\u00e1sra tegyenek szert. A k\u00e9pz\u00e9si modulok a startup k\u00f6z\u00f6ss\u00e9gek \u00e9s az ifj\u00fas\u00e1ggal foglalkoz\u00f3 szakemberek sz\u00e1m\u00e1ra lehet\u0151v\u00e9 teszik a fiatalokkal val\u00f3 folyamatos egy\u00fcttm\u0171k\u00f6d\u00e9st.<\/li><li>Z\u00f6ld v\u00e1llalkoz\u00e1sfejleszt\u00e9sre ir\u00e1nyul\u00f3 k\u00e9pz\u00e9si modulok kidolgoz\u00e1sa, melyek c\u00e9lja a fiatalok z\u00f6ld v\u00e1llalkoz\u00f3i kompetenci\u00e1inak n\u00f6vel\u00e9se. A k\u00e9pz\u00e9si modulokat az iskol\u00e1k, az oktat\u00e1si int\u00e9zm\u00e9nyek \u00e9s az ifj\u00fas\u00e1ggal foglalkoz\u00f3 szakemberek egyar\u00e1nt haszn\u00e1lhatj\u00e1k.<\/li><li>A projekt eredm\u00e9nyeinek partners\u00e9gen k\u00edv\u00fcli terjeszt\u00e9se.<\/li><li>A z\u00f6ld v\u00e1llalkoz\u00f3i szellem n\u00e9pszer\u0171s\u00edt\u00e9se a fiatal, leend\u0151 v\u00e1llalkoz\u00f3k k\u00f6z\u00f6tt, k\u00fcl\u00f6n\u00f6sen a 18 \u00e9vesn\u00e9l id\u0151sebb fiatal feln\u0151ttek, di\u00e1kok, indul\u00f3 v\u00e1llalkoz\u00e1sok, ifj\u00fas\u00e1gi munk\u00e1sok \u00e9s ifj\u00fas\u00e1gseg\u00edt\u0151k k\u00f6r\u00e9ben.<\/li><li>A digit\u00e1lis eszk\u00f6z\u00f6k haszn\u00e1lat\u00e1nak el\u0151mozd\u00edt\u00e1sa uni\u00f3s szinten a fiatalok k\u00f6r\u00e9ben a z\u00f6ld v\u00e1llalkoz\u00f3i szellem \u00f6szt\u00f6nz\u00e9se \u00e9rdek\u00e9ben.<\/li><\/ul>\t\t\t\t<\/div>\t\t\t\t<\/div>\n\t\t\t\t<\/div>\n\t\t\t\t\t<\/div>\n\t\t<\/div>\n\t\t\t\t<div class=\"elementor-column elementor-col-50 elementor-top-column elementor-element elementor-element-b7b8ee3\" data-id=\"b7b8ee3\" data-element_type=\"column\" data-e-type=\"column\">\n\t\t\t<div class=\"elementor-widget-wrap elementor-element-populated\">\n\t\t\t\t\t\t<div class=\"elementor-element elementor-element-35026cab elementor-widget elementor-widget-image\" data-id=\"35026cab\" data-element_type=\"widget\" data-e-type=\"widget\" data-widget_type=\"image.default\">\n\t\t\t\t<div class=\"elementor-widget-container\">\n\t\t\t\t\t\t\t\t\t\t\t\t\t\t\t<img fetchpriority=\"high\" decoding=\"async\" width=\"640\" height=\"719\" src=\"https:\/\/www.youngreenhub.eu\/wp-content\/uploads\/2022\/06\/tobias-weinhold-hXPomXrpUP0-unsplash_2-912x1024.jpg\" class=\"attachment-large size-large wp-image-134\" alt=\"\" srcset=\"https:\/\/www.youngreenhub.eu\/wp-content\/uploads\/2022\/06\/tobias-weinhold-hXPomXrpUP0-unsplash_2-912x1024.jpg 912w, https:\/\/www.youngreenhub.eu\/wp-content\/uploads\/2022\/06\/tobias-weinhold-hXPomXrpUP0-unsplash_2-267x300.jpg 267w, https:\/\/www.youngreenhub.eu\/wp-content\/uploads\/2022\/06\/tobias-weinhold-hXPomXrpUP0-unsplash_2-768x862.jpg 768w, https:\/\/www.youngreenhub.eu\/wp-content\/uploads\/2022\/06\/tobias-weinhold-hXPomXrpUP0-unsplash_2-1368x1536.jpg 1368w, https:\/\/www.youngreenhub.eu\/wp-content\/uploads\/2022\/06\/tobias-weinhold-hXPomXrpUP0-unsplash_2-1825x2048.jpg 1825w, https:\/\/www.youngreenhub.eu\/wp-content\/uploads\/2022\/06\/tobias-weinhold-hXPomXrpUP0-unsplash_2-624x700.jpg 624w\" sizes=\"(max-width: 640px) 100vw, 640px\" \/>\t\t\t\t\t\t\t\t\t\t\t\t\t\t\t<\/div>\n\t\t\t\t<\/div>\n\t\t\t\t<div class=\"elementor-element elementor-element-9a69e74 elementor-widget elementor-widget-text-editor\" data-id=\"9a69e74\" data-element_type=\"widget\" data-e-type=\"widget\" data-widget_type=\"text-editor.default\">\n\t\t\t\t<div class=\"elementor-widget-container\">\n\t\t\t\t\t<div class=\"bb-theme-elementor-wrap bb-elementor-custom-color\">\t\t\t\t<p>A projekt 2021. november\u00e9ben indult 6 orsz\u00e1g (Szlov\u00e9nia, Bulg\u00e1ria, \u00c9szak-Maced\u00f3nia, \u00cdrorsz\u00e1g, Spanyolorsz\u00e1g, Magyarorsz\u00e1g) r\u00e9szv\u00e9tel\u00e9vel. A partners\u00e9g innovat\u00edv m\u00f3dszerekkel szeretn\u00e9 el\u0151seg\u00edteni a fiatalok z\u00f6ld v\u00e1llalkoz\u00f3i k\u00e9szs\u00e9geinek fejleszt\u00e9s\u00e9t. A projekt egyik eredm\u00e9nye az a Platform, ahol jelenleg vagy.<\/p>\t\t\t\t<\/div>\t\t\t\t<\/div>\n\t\t\t\t<\/div>\n\t\t\t\t\t<\/div>\n\t\t<\/div>\n\t\t\t\t\t<\/div>\n\t\t<\/section>\n\t\t\t\t<\/div>","protected":false},"excerpt":{"rendered":"<p>The Erasmus+ project entitled \u201cYoung GREENtrepreneurs \u2013 innovative approaches in promoting green entrepreneurship among youth\u201d (2021-1-HU01-KA220-YOU-000029114) aims to tackle the need to increase the motivation&hellip;<\/p>","protected":false},"author":1,"featured_media":123,"parent":0,"menu_order":0,"comment_status":"closed","ping_status":"closed","template":"elementor_header_footer","meta":{"footnotes":""},"class_list":["post-213","page","type-page","status-publish","has-post-thumbnail","hentry"],"_links":{"self":[{"href":"https:\/\/www.youngreenhub.eu\/hu\/wp-json\/wp\/v2\/pages\/213","targetHints":{"allow":["GET"]}}],"collection":[{"href":"https:\/\/www.youngreenhub.eu\/hu\/wp-json\/wp\/v2\/pages"}],"about":[{"href":"https:\/\/www.youngreenhub.eu\/hu\/wp-json\/wp\/v2\/types\/page"}],"author":[{"embeddable":true,"href":"https:\/\/www.youngreenhub.eu\/hu\/wp-json\/wp\/v2\/users\/1"}],"replies":[{"embeddable":true,"href":"https:\/\/www.youngreenhub.eu\/hu\/wp-json\/wp\/v2\/comments?post=213"}],"version-history":[{"count":20,"href":"https:\/\/www.youngreenhub.eu\/hu\/wp-json\/wp\/v2\/pages\/213\/revisions"}],"predecessor-version":[{"id":1952,"href":"https:\/\/www.youngreenhub.eu\/hu\/wp-json\/wp\/v2\/pages\/213\/revisions\/1952"}],"wp:featuredmedia":[{"embeddable":true,"href":"https:\/\/www.youngreenhub.eu\/hu\/wp-json\/wp\/v2\/media\/123"}],"wp:attachment":[{"href":"https:\/\/www.youngreenhub.eu\/hu\/wp-json\/wp\/v2\/media?parent=213"}],"curies":[{"name":"wp","href":"https:\/\/api.w.org\/{rel}","templated":true}]}}

Funkciók és tartalom

<div data-elementor-type="wp-page" data-elementor-id="213" class="elementor elementor-213" data-elementor-post-type="page">
						<section class="elementor-section elementor-top-section elementor-element elementor-element-419a6d27 elementor-section-boxed elementor-section-height-default elementor-section-height-default" data-id="419a6d27" data-element_type="section" data-e-type="section" data-settings="{&quot;background_background&quot;:&quot;classic&quot;}">
						<div class="elementor-container elementor-column-gap-default">
					<div class="elementor-column elementor-col-50 elementor-top-column elementor-element elementor-element-60227262" data-id="60227262" data-element_type="column" data-e-type="column">
			<div class="elementor-widget-wrap elementor-element-populated">
						<div class="elementor-element elementor-element-2e92bfa3 elementor-widget elementor-widget-text-editor" data-id="2e92bfa3" data-element_type="widget" data-e-type="widget" data-widget_type="text-editor.default">
				<div class="elementor-widget-container">
					<div class="bb-theme-elementor-wrap bb-elementor-custom-color bb-elementor-custom-family bb-elementor-custom-size bb-elementor-custom-line-height">				<p>A "Young GREENtrepreneurs - innovatív megközelítések a fiatalok zöld vállalkozóvá válásának előmozdítására" című Erasmus+ projekt (2021-1-HU01-KA220-YOU-000029114) célja, hogy a fiatalok körében növelje a vállalkozói motivációt és egyidejűleg választ adjon a zöld kihívásokra.</p>				</div>				</div>
				</div>
				<div class="elementor-element elementor-element-4dd23a4 elementor-widget elementor-widget-heading" data-id="4dd23a4" data-element_type="widget" data-e-type="widget" data-widget_type="heading.default">
				<div class="elementor-widget-container">
					<h2 class="elementor-heading-title elementor-size-default">A projekt céljai:</h2>				</div>
				</div>
				<div class="elementor-element elementor-element-e78318b elementor-widget elementor-widget-text-editor" data-id="e78318b" data-element_type="widget" data-e-type="widget" data-widget_type="text-editor.default">
				<div class="elementor-widget-container">
					<div class="bb-theme-elementor-wrap bb-elementor-custom-color">				<ul><li>A fiatalok, ifjúságsegítők és startup közösségek innovatív és digitális eszközökkel való támogatása, melyek képessé teszik őket a saját zöld vállalkozásuk fejlesztésére irányuló új készségek és kompetenciák megszerzésére. (Zöld vállalkozói témák lehetnek: egészséges társadalom, vízvédelem, tiszta energia, fenntartható közösségek, felelős fogyasztás/termelés, éghajlatváltozás mérséklése, a természetes ökoszisztémák védelme, az erőforrások fenntartható használata).</li><li>Zöld termékek fejlesztésére irányuló képzési modulok kidolgozása, melyek arra irányulnak, hogy a fiatalok új készségeket szerezzenek, és új, a gyakorlatban is hasznosítható tudásra tegyenek szert. A képzési modulok a startup közösségek és az ifjúsággal foglalkozó szakemberek számára lehetővé teszik a fiatalokkal való folyamatos együttműködést.</li><li>Zöld vállalkozásfejlesztésre irányuló képzési modulok kidolgozása, melyek célja a fiatalok zöld vállalkozói kompetenciáinak növelése. A képzési modulokat az iskolák, az oktatási intézmények és az ifjúsággal foglalkozó szakemberek egyaránt használhatják.</li><li>A projekt eredményeinek partnerségen kívüli terjesztése.</li><li>A zöld vállalkozói szellem népszerűsítése a fiatal, leendő vállalkozók között, különösen a 18 évesnél idősebb fiatal felnőttek, diákok, induló vállalkozások, ifjúsági munkások és ifjúságsegítők körében.</li><li>A digitális eszközök használatának előmozdítása uniós szinten a fiatalok körében a zöld vállalkozói szellem ösztönzése érdekében.</li></ul>				</div>				</div>
				</div>
					</div>
		</div>
				<div class="elementor-column elementor-col-50 elementor-top-column elementor-element elementor-element-b7b8ee3" data-id="b7b8ee3" data-element_type="column" data-e-type="column">
			<div class="elementor-widget-wrap elementor-element-populated">
						<div class="elementor-element elementor-element-35026cab elementor-widget elementor-widget-image" data-id="35026cab" data-element_type="widget" data-e-type="widget" data-widget_type="image.default">
				<div class="elementor-widget-container">
															<img fetchpriority="high" decoding="async" width="640" height="719" src="https://www.youngreenhub.eu/wp-content/uploads/2022/06/tobias-weinhold-hXPomXrpUP0-unsplash_2-912x1024.jpg" class="attachment-large size-large wp-image-134" alt="" srcset="https://www.youngreenhub.eu/wp-content/uploads/2022/06/tobias-weinhold-hXPomXrpUP0-unsplash_2-912x1024.jpg 912w, https://www.youngreenhub.eu/wp-content/uploads/2022/06/tobias-weinhold-hXPomXrpUP0-unsplash_2-267x300.jpg 267w, https://www.youngreenhub.eu/wp-content/uploads/2022/06/tobias-weinhold-hXPomXrpUP0-unsplash_2-768x862.jpg 768w, https://www.youngreenhub.eu/wp-content/uploads/2022/06/tobias-weinhold-hXPomXrpUP0-unsplash_2-1368x1536.jpg 1368w, https://www.youngreenhub.eu/wp-content/uploads/2022/06/tobias-weinhold-hXPomXrpUP0-unsplash_2-1825x2048.jpg 1825w, https://www.youngreenhub.eu/wp-content/uploads/2022/06/tobias-weinhold-hXPomXrpUP0-unsplash_2-624x700.jpg 624w" sizes="(max-width: 640px) 100vw, 640px" />															</div>
				</div>
				<div class="elementor-element elementor-element-9a69e74 elementor-widget elementor-widget-text-editor" data-id="9a69e74" data-element_type="widget" data-e-type="widget" data-widget_type="text-editor.default">
				<div class="elementor-widget-container">
					<div class="bb-theme-elementor-wrap bb-elementor-custom-color">				<p>A projekt 2021. novemberében indult 6 ország (Szlovénia, Bulgária, Észak-Macedónia, Írország, Spanyolország, Magyarország) részvételével. A partnerség innovatív módszerekkel szeretné elősegíteni a fiatalok zöld vállalkozói készségeinek fejlesztését. A projekt egyik eredménye az a Platform, ahol jelenleg vagy.</p>				</div>				</div>
				</div>
					</div>
		</div>
					</div>
		</section>
				</div>
